14 a multiple of 6?
True
Is 86 a factor of 5058090000?
True
Is 238351357 a multiple of 332?
False
Does 12 divide 1118801868?
True
Does 74 divide 439398478?
False
Does 180 divide 299787660?
True
Is 428 a factor of 35634396?
False
Is 5643870 a multiple of 135?
False
Is 14 a factor of 34583710?
True
Does 88 divide 4922104?
True
Does 1187 divide 3480357594?
True
Does 105 divide 6282888360?
True
Is 26 a factor of 141126362?
True
Is 68064768 a multiple of 9?
True
Is 128 a factor of 293948032?
True
Does 35 divide 44014635?
True
Is 79 a factor of 48585158?
True
Is 5494 a factor of 352632390?
True
Is 1727 a factor of 381711385?
False
Is 2946301922 a multiple of 1511?
True
Is 53408990 a multiple of 3358?
True
Is 159547328 a multiple of 1552?
False
Is 7 a factor of 31428425?
True
Does 420 divide 19212912?
False
Is 26326605 a multiple of 2055?
True
Does 27 divide 25998678?
True
Does 577 divide 14053607?
False
Is 145637065 a multiple of 3865?
True
Does 115 divide 173351441?
False
Is 159567639 a multiple of 339?
True
Is 277 a factor of 56386120?
True
Does 44 divide 9568935156?
True
Does 178 divide 29570086?
False
Is 294 a factor of 3226944?
True
Is 21 a factor of 1466526075?
True
Is 28 a factor of 277366198?
False
Does 130 divide 332737861?
False
Is 478 a factor of 1429675056?
True
Is 130402702 a multiple of 954?
False
Is 36075196 a multiple of 1829?
True
Does 324 divide 2344948380?
True
Is 90009490 a multiple of 260?
False
Is 490 a factor of 35670530?
True
Is 137 a factor of 67693481?
True
Is 22469850 a multiple of 25?
True
Does 63 divide 16538072?
False
Is 15 a factor of 1044719571?
False
Does 979 divide 139986746?
False
Does 395 divide 578445929?
False
Is 24 a factor of 5593776?
True
Does 70 divide 239120841?
False
Is 473728 a multiple of 64?
True
Is 246 a factor of 74949162?
False
Is 3 a factor of 1580890015?
False
Does 59 divide 968780?
True
Is 719075970 a multiple of 1748?
False
Does 343 divide 17939586?
True
Is 66502841 a multiple of 17?
False
Is 32343825 a multiple of 747?
False
Is 1920 a factor of 20194560?
True
Is 335336608 a multiple of 5464?
True
Does 135 divide 2331057555?
True
Is 237 a factor of 293525205?
False
Is 20 a factor of 63335126?
False
Does 7 divide 3105759?
False
Does 251 divide 16861176?
True
Is 298414446 a multiple of 47?
False
Is 9522240 a multiple of 140?
True
Is 2435 a factor of 58245200?
True
Is 115391582 a multiple of 471?
False
Does 142 divide 33609980?
True
Is 305 a factor of 50918605?
False
Is 59 a factor of 35174587?
False
Is 20380214 a multiple of 34?
False
Is 175966695 a multiple of 57?
True
Is 4525106 a multiple of 4?
False
Is 1047 a factor of 36679551?
True
Is 6266334744 a multiple of 18?
True
Is 12876 a factor of 5348147067?
False
Does 1776 divide 614509702?
False
Is 182 a factor of 757350060?
False
Is 5932332 a multiple of 36?
True
Is 78116229 a multiple of 3023?
False
Does 31 divide 32472314?
True
Does 485 divide 300069985?
True
Does 746 divide 158036370?
True
Is 62 a factor of 11505526?
True
Is 75 a factor of 59453922?
False
Is 61 a factor of 10882522?
True
Is 28 a factor of 12680584?
True
Does 85 divide 31402602?
False
Is 4852164 a multiple of 73?
True
Does 31 divide 1100052182?
False
Is 25 a factor of 27025541?
False
Does 108 divide 300790584?
True
Is 11 a factor of 7475428235?
True
Does 53 divide 7786336?
True
Is 100 a factor of 1296112969?
False
Does 310 divide 4862636?
False
Is 2 a factor of 2491584?
True
Is 119154137 a multiple of 3?
False
Is 39 a factor of 261243286?
False
Is 7657368 a multiple of 6?
True
Is 36436134 a multiple of 209?
False
Is 1559 a factor of 2592948223?
False
Is 1045082010 a multiple of 28?
False
Is 14041930 a multiple of 245?
True
Is 635486223 a multiple of 122?
False
Does 13 divide 773721?
True
Is 90611370 a multiple of 898?
False
Is 2153448855 a multiple of 13383?
False
Does 72 divide 5227128?
True
Is 322976160 a multiple of 4680?
True
Does 1073 divide 5212120?
False
Is 1042 a factor of 780601796?
True
Is 868275693 a multiple of 9?
True
Is 4410 a factor of 4662678193?
False
Is 95055039 a multiple of 102?
False
Is 56 a factor of 63181664?
True
Is 266397079 a multiple of 28?
False
Is 49 a factor of 4780930079?
False
Does 30 divide 1169483100?
True
Does 4511 divide 172919600?
False
Does 200 divide 203651800?
True
Is 1317 a factor of 17758428?
True
Is 375028048 a multiple of 76?
False
Does 522 divide 29272716?
True
Is 9 a factor of 201660328?
False
Is 175 a factor of 30777775?
True
Is 756 a factor of 1012129020?
True
Is 12489156 a multiple of 11?
False
Is 66463902 a multiple of 687?
False
Is 40 a factor of 9228634?
False
Does 45 divide 87650390?
False
Is 262 a factor of 64317740?
False
Does 52 divide 269160008?
True
Is 88139128 a multiple of 161?
True
Is 854 a factor of 1751575?
False
Does 13 divide 180515453?
False
Is 55 a factor of 52755872?
False
Does 1725 divide 49802475?
True
Does 1557 divide 9067968?
True
Is 48 a factor of 123988519?
False
Is 1471685490 a multiple of 9630?
True
Does 161 divide 270245072?
False
Does 602 divide 3188811458?
True
Is 22 a factor of 11086284?
True
Does 424 divide 2109518616?
False
Is 16311967 a multiple of 234?
False
Is 6 a factor of 113729121?
False
Is 156215371 a multiple of 1047?
False
Does 367 divide 650492820?
True
Is 148 a factor of 80721124?
True
Is 745 a factor of 29407138?
False
Does 97 divide 23310749?
True
Does 14 divide 1268564212?
False
Is 6 a factor of 44602104?
True
Does 88 divide 54357336?
True
Is 89077052 a multiple of 764?
True
Does 13 divide 29108770?
False
Does 1778 divide 153750093?
False
Does 159 divide 22504997?
False
Does 27 divide 72578700?
True
Does 5077 divide 755488062?
True
Is 1320 a factor of 310231680?
True
Does 2 divide 586627?
False
Is 11398101 a multiple of 43?
False
Does 146 divide 12901193?
False
Is 1937 a factor of 232475492?
False
Does 96 divide 464993664?
True
Is 172110076 a multiple of 6?
False
Is 32789369 a multiple of 30?
False
Is 51223599 a multiple of 483?
True
Is 90614924 a multiple of 140?
False
Is 10378446 a multiple of 1161?
False
Is 195643189 a multiple of 505?
False
Does 30 divide 11933254?
False
Is 2 a factor of 13323658?
True
Is 24 a factor of 133737960?
True
Is 1086 a factor of 1357268063?
False
Is 362234885 a multiple of 1988?
False
Is 55 a factor of 1834274420?
True
Is 5969862 a multiple of 162?
True
Is 42 a factor of 769823?
False
Is 24 a factor of 1388496?
True
Is 1080 a factor of 14474963?
False
Is 126069045 a multiple of 6408?
False
Does 13 divide 115037039?
True
Is 835157703 a multiple of 773?
True
Does 105 divide 119288878?
False
Does 63 divide 57457386?
True
Does 256 divide 245047040?
True
Does 7 divide 172367468?
True
Is 7 a factor of 728348528?
False
Does 3 divide 69105259?
False
Is 76951119 a multiple of 411?
True
Is 43060798 a multiple of 84?
False
Is 2053 a factor of 956509124?
True
Is 2515 a factor of 84896340?
True
Is 1114 a factor of 279516663?
False
Does 177 divide 952780?
False
Does 392 divide 67367920?
False
Is 21 a factor of 1938908198?
False
Is 292886 even?
True
Is 726044340 a multiple of 1995?
True
Is 13763997 a multiple of 49?
False
Does 150 divide 1440207150?
True
Is 1539 a factor of 53609071?
False
Does 3 divide 671658?
True
Is 4 a factor of 39887088?
True
Is 179 a factor of 5080197030?
False
Does 60 divide 1442883?
False
Does 508 divide 489138976?
True
Does 241 divide 899871605?
False
Does 8 divide 31791575?
False
Is 3819 a factor of 33897444?
True
Is 304965352 a multiple of 19?
True
Is 116 a factor of 113555323?
False
Is 41365656 a multiple of 186?
True
Is 934506331 a multiple of 1133?
True
Does 15 divide 946848112?
False
Does 9419 divide 194012562?
True
Is 766206520 a multiple of 2330?
True
Is 651378994 a multiple of 1631?
True
Is 96 a factor of 595842687?
False
Does 11 divide 2128236?
True
Does 12 divide 89395043?
False
Does 80 divide 1124590749?
False
Is 31782145 a multiple of 4093?
True
Does 257 divide 361960725?
False
Is 509891802 a multiple of 56?
False
Is 380699676 a multiple of 9?
True
Does 52 divide 32091652?
False
Is 366029806 a multiple of 10?
False
Is 41769270 a multiple of 81?
True
Is 120483046 a multiple of 318?
False
Is 85451929 a multiple of 240?
False
Is 53 a factor of 17093742?
False
Is 255 a factor of 113425181?
False
Is 922 a factor of 59766991?
False